Suppose q - 5*q - 2*r = -14, -r = 3*q - 8. Let z(t) = 2*t + 3. Let d be z(q). What are the prime factors of 8 - (-3 + 15/d)?
2
Suppose 25*z - 20*z - 60 = 0. Let t be (16 - -2)*z/24. List the prime factors of (-3)/(1*t/(-267)).
89
Suppose 2*y = 3*n + 2*n + 36, -4*n - 4*y = 12. Let g(x) = 17*x - 3. Let q(i) = 33*i - 11. Let o(f) = -9*g(f) + 4*q(f). What are the prime factors of o(n)?
109
Let c(n) = -953*n + 3073. List the prime factors of c(-22).
3, 2671
Suppose -48*d + 58*d = -180. Let o = -173 + -115. List the prime factors of 168/d*o/14.
2, 3
Let i(p) = 3*p + 3. Let c be (-46)/14 - 4/(-14). Let n be i(c). What are the prime factors of (4*(-1)/n)/((-1)/(-111))?
2, 37
Let c(u) = -7*u + 20. Let j be c(6). Let k = j + 12. List the prime factors of ((-3 - k) + -2)*19.
5, 19
Let z = 3350 + -243. What are the prime factors of z?
13, 239
Suppose 3*i = -2*d + 536, 0*d - 2*d - 4*i + 536 = 0. Let l = d - -125. What are the prime factors of l?
3, 131
Let k = -9 + 9. Suppose k = -b + 4*c + 12, 5*b = -2*c - 3*c + 10. Suppose -3*p + 5*m = -p - 244, -b*m = 8. What are the prime factors of p?
3, 13
Let k be (8/6)/(22/9 + -2). Suppose -4*c + 112 = k*c. Suppose c*w = 20*w - 40. List the prime factors of w.
2, 5
Suppose -4618 + 991 = -9*k. Let s = k - 196. What are the prime factors of s?
3, 23
Suppose -62 = -18*t + 10. Suppose 3*u = -t*m + 24, 0 = m + 3*u + 7 - 22. Suppose -2*b - m*o = -441, -4*o - 1 = -13. List the prime factors of b.
2, 3
Suppose -4*m + 264 = -4*w, -5*m = w - 302 - 52. Suppose 0 = t - 5*q + 86, 0*t + t = -3*q - m. Let g = 82 - t. What are the prime factors of g?
2, 79
Let b be 0 + (7 - 7)*1. Let f(p) = p**2 - p + 0*p**2 + 3*p + 78. List the prime factors of f(b).
2, 3, 13
Let z = -46716 + 93327. What are the prime factors of z?
3, 5179
Let t(k) = 2*k**3 + 6*k**2 + 43*k + 68. What are the prime factors of t(14)?
2, 19, 193
Let h(o) = o**3 + 7*o**2 + 5*o + 40. Let r be h(-7). Let x(s) = -s**3 + 2*s**2 + 2*s + 7. Let y be x(r). Let p = 4 - y. What are the prime factors of p?
2, 31
Let u(p) = -p**3 + 17*p**2 + 14*p + 37. Let a be u(18). Let y = a + 203. What are the prime factors of y?
2, 3, 7
Let d be 9 + (-6)/18*(-12)/2. Suppose d + 4 = 5*p. Let n(u) = 30*u**2 - 9*u + 8. What are the prime factors of n(p)?
251
Suppose -18*x + 1388 = 326. Let d(r) = r + 5. Let s be d(0). Suppose -2*y - 4*v = -88, -s*y + 4*y = -3*v - x. List the prime factors of y.
2, 5
Let n = 123 + -115. Suppose -n*y + 25 + 15 = 0. Suppose 3*c + 19 = -3*s + 247, -y*s + 4*c = -398. What are the prime factors of s?
2, 3, 13
Suppose -3*d - 2*q + 72930 = 0, -40*q + 46*q = -5*d + 121566. List the prime factors of d.
2, 3, 4051
Suppose 21 = 122*r - 125*r, -t + 17115 = -3*r. What are the prime factors of t?
2, 3, 7, 11, 37
Suppose -10*t = -11*t + 26. Suppose 10 + t = q. What are the prime factors of (q/15 + -2)*245?
2, 7
Let n = 74327 - 33288. List the prime factors of n.
41039
Suppose 35 = -v + 6*v. List the prime factors of v/(21/444)*1.
2, 37
Let d(b) = 35*b + 133. Let a(y) = -36*y - 132. Let t(r) = -6*a(r) - 7*d(r). List the prime factors of t(-31).
2, 5, 19
Let b(w) = 2*w + 40*w + 3 + 14 - 20*w - w**2. Let x be b(23). What are the prime factors of ((-11)/(165/x))/((-1)/(-110))?
2, 11
Let h(t) = 16*t + 67. Let x be h(-4). What are the prime factors of ((-3)/x)/(14/(-10766))?
769
Let m = 208 - 209. List the prime factors of (3824/(-40))/((-6)/5 - m).
2, 239
Suppose -3*k + 7 = -5. Suppose -5*z = -171 - k. Let d = -12 + z. What are the prime factors of d?
23
Let v = -163 + 44. Let t = 510 + -333. Let g = t + v. What are the prime factors of g?
2, 29
Suppose 0 = -i - 2, 2*i - 5*i = -2*o - 2458. Let c = 2117 + o. What are the prime factors of c?
3, 5, 59
Let n be 7/14*(-330)/(-3). Suppose -146 = n*k - 56*k. What are the prime factors of k?
2, 73
Let m = 411 - 412. List the prime factors of m/((1/(-67))/(28 - 17)).
11, 67
Suppose 12 = 21*o - 93. Suppose -4 - 4 = 2*m, 4*w = 2*m + 48. Suppose -o*x - 1035 = -w*x. What are the prime factors of x?
3, 23
Let q be (-285)/(-12) - (-4)/16. Suppose q*x = 513 + 2511. What are the prime factors of x?
2, 3, 7
Let b(h) = -12*h - 80. Let m be b(-7). Suppose -3*o = -m*r - 1130, -4*o + 761 = -2*o + 5*r. What are the prime factors of o?
2, 3, 7
Suppose -5*h - 3*d + 7511 = 0, -4*h + 3619 = 4*d - 2401. What are the prime factors of h?
2, 7, 107
Let z(s) = 9*s**2 + 8*s + 24. Let n(o) = o**3 - 11*o**2 + o - 18. Let x be n(11). List the prime factors of z(x).
409
Let t(r) = 43*r**3 - 6*r**2 + 4*r + 1. Let b be t(1). Suppose -2*k + b + 452 = 0. What are the prime factors of k?
13, 19
Suppose 9*z = 834 + 624. List the prime factors of -2 - (0 - z) - -6.
2, 83
Let b(v) = -2*v**2 + 7*v + 15. Suppose -o = 3*r - 8, -4*o + 5*r = -15 - 0. Let s be b(o). What are the prime factors of 87 - (s + 0 + 0)?
3, 29
Suppose -15 = -3*t, -19*x + t + 18385 = -16*x. What are the prime factors of x?
2, 5, 613
Let i be (2/(-8))/(243/(-48) - -5). Suppose -2*f = x - 692, i*f = -f. List the prime factors of x.
2, 173
Let l be (6/3 - 2 - 0) + -56. Let d = -54 - l. Suppose 0 = 5*v, -3*v = -d*f + 225 + 103. List the prime factors of f.
2, 41
Let t(u) be the third derivative of -u**6/120 - 19*u**5/60 + 29*u**4/24 + 29*u**3/6 - 9*u**2. List the prime factors of t(-21).
2, 151
Let x = 1031 - 264. List the prime factors of x.
13, 59
Let l(y) = 10*y - 8*y + 31 + 22*y + y**2. Let b be l(-21). Let i = b + 63. What are the prime factors of i?
31
Suppose 3*o - 4*z - 9 = -z, -o + 2*z = -3. List the prime factors of ((-1970)/(-8) - 2) + o/4.
5, 7
Let s(z) = 148*z. Let o be (-17)/(-34)*400/(-2). Let v = o - -101. List the prime factors of s(v).
2, 37
Let w(d) = d**3 + 75*d**2 - 30*d - 1154. List the prime factors of w(-74).
2, 3271
Let t(o) = o**2 + 17*o + 24. Suppose -4*s - 20 = 44. Let g be t(s). Suppose -110 = -2*y - 3*u, 0 = 5*u - 12 - g. List the prime factors of y.
7
Let x(r) = -r**3 - 15*r**2 - 12*r - 1. Let s be x(-14). Let j = -26 - s. Suppose 5*b - 4*b - 53 = 3*f, 0 = -2*b + j*f + 112. List the prime factors of b.
59
What are the prime factors of (-2 - 36)*((-4)/12 - (-20871)/(-81))?
2, 3, 19, 43
Let b be (8*(-5)/30)/((-1)/(-3)). What are the prime factors of 2/b*(-944 + 10)?
467
Suppose -3*a + 220933 = 5*k, a = -7*k - 0*a + 309303. What are the prime factors of k?
2, 22093
Let l = 10 + 6. Let h be 78/21 + 2/7. Suppose h*g - 16 = l. What are the prime factors of g?
2
Let u be (8/(-3))/(12/(-18)). Suppose 2*t = 6, u*t = -4*s + 5*t - 63. What are the prime factors of 1 - -5*(384/s)/(-2)?
5, 13
Suppose -17*g = -14*g - h - 89384, -4*g - 2*h + 119202 = 0. What are the prime factors of g?
83, 359
Let n = -96 - -94. Let w be (-3)/n - (-7)/(-2). What are the prime factors of 6/(-12)*151*w?
151
Let q = -464 + 762. Let c = 941 - q. List the prime factors of c.
643
Suppose -3*v + 12 = 0, -2*s - 5*v - 1256 = -8218. Let h = -3 + 7. List the prime factors of (h/6)/(26/s).
89
Suppose 17*d - 340 = -0*d. What are the prime factors of (-10)/d + 1053/2?
2, 263
Suppose 67*v + 15491 = m + 71*v, m - 15473 = 5*v. What are the prime factors of m?
3, 13, 397
Suppose 3*w = 3*x + 43026, -682*x - 14344 = -w - 680*x. What are the prime factors of w?
2, 3, 5, 239
Let c = -32 - -26. Let x(j) = j**2 + 6*j + 3. Let g be x(c). Suppose g*s - 330 = -126. List the prime factors of s.
2, 17
Suppose -2*r = -5*d - 8224, -r + 6*d = 7*d - 4112. List the prime factors of r.
2, 257
Suppose 5*u - 35 = 5*i, 0 = -2*i + 3*u - 22 + 4. Let r(d) be the first derivative of -d**4/2 + 4*d**3/3 + d**2/2 - 348. What are the prime factors of r(i)?
3, 29
What are the prime factors of (-1344595)/(-75) - (-20)/300?
2, 3, 83
Suppose 0 = -13*n - 17*n + 2070. Suppose m + 24 = 4*o - 4*m, -3*o = -m - 7. Let d = o + n. List the prime factors of d.
2, 5, 7
Let n be -64*1/(-5)*(-3020)/(-8). Suppose -18*p + 34*p - n = 0. What are the prime factors of p?
2, 151
Let j(u) = -15*u**3 + u**2 + 4*u - 7. Let s(a) = -12*a**3 + a**2 + 6*a - 8. Let p(g) = -4*j(g) + 3*s(g). List the prime factors of p(3).
11, 59
Let q = 241 - 199. Suppose 43*d = q*d + 303. What are the prime factors of d?
3, 101
What are the prime factors of -4 + -7 - (-20 + -6832)?
6841
Suppose 0 = 9*a - 230 - 1921. List the prime factors of a.
239
Let s be ((-10)/10)/(0 + 1). Let u(z) = -4*z - 4